Give k(s).
6
Let f(s) = s**2 + 4*s + 3. Let t(b) = -8*b**3 + 3*b**2 + 6 + 0 - 3 + 9*b**3 - 2*b. Let i be t(-4). Determine f(i).
8
Let y be (-2)/(-6) - (-10)/6. Let f be 2*y*3/4. Let x(z) = 0*z - 14 - 2*z**2 + 4*z + 15. What is x(f)?
-5
Let s = -15 + 8. Let z = s + 11. Let u(a) = -a**2 - 1. Let h(g) = g**3 + 4*g**2 - 5*g + 4. Let p(x) = -h(x) - 6*u(x). What is p(z)?
-10
Let a(x) = 5*x - 8. Let q(h) = 3*h - 5. Suppose i = 2*m + 17, 0 = -0*m - m - 5*i - 3. Let j(s) = m*q(s) + 5*a(s). Give j(2).
2
Let q(j) = j**3 + 2*j**2 + j. Let s be -3 - 1 - -1*2. Let t be q(s). Let r(h) = 5 + 4*h - 3 - 2*h. Give r(t).
-2
Let z be (0 - 3)/(-3) + -21. Let b = 14 + z. Let y(o) = -o**3 - 6*o**2 - o - 2. Calculate y(b).
4
Let b be ((-7)/14*(-8)/6)/2. Let i(t) be the second derivative of -b*t**3 - t - 1/2*t**2 + 0. Calculate i(-5).
9
Let p(i) = -i**3 - 4*i**2 + i. Suppose -3*q = 2*q + 20. Calculate p(q).
-4
Let o(u) be the third derivative of u**4/24 - u**3/2 + 12*u**2. Let r = -38 + 26. Let a = -8 - r. What is o(a)?
1
Let p(s) = s + 1. Suppose -4*q = -9*q - 2*h + 14, 4*q = 2*h + 4. Calculate p(q).
3
Let x be (0 + (-2)/4)*10. Suppose 2*a - 4*a + 12 = 4*y, 2 = -4*a + 5*y. Let w(q) = 4 + a + 0 + q. What is w(x)?
1
Let c(i) = i**2 - 15*i + 32. Let w be c(12). Let l(r) = -r**3 - 4*r**2 + 3*r - 2. What is l(w)?
-14
Let d(q) be the second derivative of -q**4/12 - q**3/6 + q. Suppose 0 = -5*u - 15, -4*j + 13 = -0*j - 3*u. Give d(j).
-2
Let w(z) = -6*z - 5. Let u(l) be the third derivative of -l**4/24 - l**2. Let h(k) = -4*u(k) + w(k). Calculate h(-5).
5
Let n(u) be the third derivative of -5/6*u**3 + 0*u - u**2 - 1/60*u**5 + 0 + 5/24*u**4. Let y = 14 + -10. Determine n(y).
-1
Let j = 25 + -19. Let w(l) = 4*l + l - 2*l + 1 - j. What is w(4)?
7
Let u(n) = -9*n**2 - 4*n - 17. Let p(h) = 3*h**2 - 3*h + 10. Let k(x) = x - 1. Let j(s) = 4*k(s) + p(s). Let q(y) = 8*j(y) + 3*u(y). Give q(-2).
-7
Let s(k) = 0*k + 2*k - 6*k. Let v(p) = p**3 - 15*p**2 - 16*p + 3. Let o be v(16). Calculate s(o).
-12
Let s(j) = j**2 - 4*j - 2 + 1 - 2*j**2 - 3*j. Calculate s(-5).
9
Let u(m) = -4*m - 5. Let z(f) = -2*f - 3. Let b(t) = -4*u(t) + 7*z(t). Give b(-4).
-9
Suppose 2*q - 7 - 3 = 0. Suppose 2*y - q = 1. Let k(g) = -y*g - 2*g - 2 + 2*g + g**2. What is k(-2)?
8
Suppose 2*s = -3*s. Let j(g) be the first derivative of -g**2/2 - 4*g + 4. Calculate j(s).
-4
Let g(f) = -2*f - 5. Let y(z) = z + 3. Let c(t) = 1. Let j(m) = -3*c(m) - y(m). Let o be j(0). What is g(o)?
7
Let m(x) be the second derivative of -x**7/2520 + 7*x**6/720 - x**5/20 + x**4/4 + 9*x. Let j(k) be the third derivative of m(k). What is j(4)?
6
Let h(y) = -4*y**2 + 3*y + 3. Let z(u) = -105*u**2 + 77*u + 77. Let d(j) = 154*h(j) - 6*z(j). Give d(-1).
14
Let r be (3 - 3)/(-1 - 0). Suppose r*q = -2*s + q + 10, 11 = -3*s - 5*q. Let j(g) = g**2 - 4*g + 2. Give j(s).
-1
Let n(j) = -2*j - 9. Let b(a) = a + 4. Let d(o) = -5*b(o) - 2*n(o). Let g(l) = -2*l**3 - 4*l**2 - 4*l - 3. Let z be g(-2). Give d(z).
-7
Let h = 33 - 30. Let g(i) = i**2 - 3. Calculate g(h).
6
Let o(w) be the third derivative of w**7/840 - w**6/360 - w**5/60 + w**4/24 - w**3/2 + w**2. Let y(v) be the first derivative of o(v). What is y(-2)?
-7
Suppose f = 2*c - 13 - 1, -4*c + f = -24. Suppose 2*s + 3*s + 30 = 0. Let v = s + c. Let b(w) = -5*w - 1. What is b(v)?
4
Let v(w) = -20*w - 12. Let k(r) = r + 1. Let t(x) = -12*k(x) - v(x). What is t(-2)?
-16
Suppose -5*r + 3*r = -3*i - 18, -3*i - 6 = 0. Let b be (8/r - 1)*6. Suppose -k - 2*u + 2 = 0, b*u - 2 = 3*k - 6*k. Let h(a) = -a**2 + 7. What is h(k)?
7
Suppose 0 = 3*o - 4*x - 10, 2*o - x - 8 = 2*x. Let v be 2/11 + (-20)/(-11). Let h(d) = 3*d**2 + 3 + 4*d + v - 3. Give h(o).
6
Let m(f) = -f + 13. Let w(p) = 2. Let n be (-16)/(-1) + 4 + -6. Let q(a) = n*w(a) - 2*m(a). Give q(-4).
-6
Let o(m) = -10*m + 19. Suppose 4*a + 12 - 40 = 0. Let u(f) = -7*f + 13. Let d(b) = a*u(b) - 5*o(b). Suppose h = 6*h - 10. Give d(h).
-2
Let v(k) = 9*k**2 - k + 5. Let t(y) = 18*y**2 - 2*y + 9. Let z(r) = -6*t(r) + 11*v(r). Calculate z(-1).
-9
Let j = -139 - -143. Let w(r) be the second derivative of -r**5/20 + r**4/3 - r**3/3 + r**2 + 2*r. Give w(j).
-6
Suppose 6*p = 2*p. Let u(w) be the third derivative of -7/6*w**3 - 2*w**2 + p + 1/24*w**4 + 0*w. Give u(4).
-3
Let b(r) = 4*r - 3. Let g be b(2). Let m(p) be the second derivative of 0 + 1/6*p**3 + 2*p - 7/2*p**2. Give m(g).
-2
Suppose 0 = -3*p - 29 + 47. Let j(f) = -6*f**3 + f**2 - 5*f + 9. Let t(w) = 7*w**3 + 6*w - 10. Let u(y) = -6*j(y) - 5*t(y). Give u(p).
-4
Let b(x) = 2*x + 5. Suppose 2*h - 7 + 1 = 0. Suppose h*m + m + 12 = 0. Let p = -1 + m. Calculate b(p).
-3
Let l(p) = p + 3. Let o be l(3). Let j(k) = -k**2 + 5*k. What is j(o)?
-6
Let v(m) be the third derivative of -m**4/8 - m**3/6 - 2*m**2. Suppose -4*h = 0, h = 4*o - h + 12. Determine v(o).
8
Let m(a) = 2*a**3 + a**2 + 2*a - 1. Let c = -45 + 43. Determine m(c).
-17
Let f(o) = 3*o - 5. Let w be (-1)/3 + (-31)/(-3). Let k be (-132)/(-30) + (-4)/w. What is f(k)?
7
Let l = -22 - -19. Let t be (2 - 3)/(l/(-9)). Let b(w) = w**2 + 3*w + 2. What is b(t)?
2
Let w(z) = z**2 - 4*z - 5. Let j be w(5). Suppose -2*p - 12 + 2 = j. Let x(b) = -b**2 - 6*b + 5. Give x(p).
10
Suppose 0 = 4*w + 4 + 4. Let x(l) = l - 5. Let t be x(7). Let m(c) = c + c**3 + 6*c**2 - t*c**2 - c**2. Calculate m(w).
2
Let m(x) = -7*x + 26 + 13*x - 7*x. What is m(0)?
26
Let t(x) = 4*x + 0*x**2 - 7*x - 4*x - x**2. Let c be (3 - 36/4) + 0. What is t(c)?
6
Let p(t) = 6*t**2 - 12*t + 12. Let d(v) = v. Let m(k) = -10*d(k) + p(k). Let g(i) = 2*i**2 - 7*i + 4. Let s(a) = -7*g(a) + 2*m(a). Determine s(3).
-7
Let u(j) be the first derivative of -5/3*j**3 + 1/4*j**4 - 2*j - 1 + 1/2*j**2. Suppose -2*s - l + 12 = 0, 2 = -0*l + l. What is u(s)?
3
Let o(i) = 3*i**2 - 3*i + 5. Let b(r) = -4*r**2 + 2*r - 4. Let k(z) = 4*b(z) + 3*o(z). Suppose -4*v + 16 = -5*p, 0 = 3*p + 8 + 4. Determine k(v).
-7
Let t(g) = -g + 1. Let l be t(-5). Let z(m) = -m + 1. Let d be z(-1). Let x(u) = -2*u**2 - 2*u - u**3 + 6*u**d + l*u + 0*u + 1. Give x(5).
-4
Suppose -a + 0*d - d = -5, -2*a + 2*d = -14. Let b(j) = j**3 - 7*j**2 + 6*j - 3. Determine b(a).
-3
Let y(j) = -4*j**3 - 3*j**2 - j - 7. Let k(q) be the first derivative of -11*q**4/4 - 10*q**3/3 - 2*q**2 - 20*q - 6. Let o(b) = -3*k(b) + 8*y(b). What is o(-5)?
9
Let c(b) = -2*b - 3. Suppose -2*m + 7*m - 5*r + 15 = 0, 4*m = r - 21. What is c(m)?
9
Suppose -5*w - 35 = 3*g, -4*g + w - 16 = -0*w. Let c = -9 + 14. Let b(d) = 5 - 11 + c + 5 + d. What is b(g)?
-1
Let i(b) = 5*b**2 - b - 7. Let d(q) = -1. Let c(o) = 6*d(o) - i(o). Calculate c(-1).
-5
Let b(s) = -7*s + 1. Let v(y) = -5 + 0 + y + 5. Let j(r) = b(r) + 4*v(r). What is j(1)?
-2
Let x(g) be the first derivative of 0*g + 0*g**4 + 0*g**2 - 2 + 2/3*g**3 + 1/360*g**6 + 1/60*g**5. Let t(v) be the third derivative of x(v). Calculate t(-2).
0
Let r(s) = 1 + 2*s**3 - 2*s**2 + 5*s**2 - s - 2*s**2. Let j(w) = -w + 2. Let t be j(4). Calculate r(t).
-9
Suppose -5*h = 2*c - 7, 2*c + 2 = -2*h - 0*c. Suppose -h*l = 4*n + n + 37, -5*n = l + 29. Let o(v) = -v**3 - 5*v**2 + v + 7. Give o(n).
2
Let w(p) = 2*p**2 + 0*p - p**2 - 4*p + 3*p - 1. Calculate w(-1).
1
Let s(l) be the first derivative of -7*l**4/2 - l**3/3 + l**2 - l - 7. Calculate s(1).
-14
Suppose -2*y = -3*y + 2. Let x(v) = 8*v**3 + 1 - 2*v + 2*v + v**y + 3*v - v. Give x(-1).
-8
Let k(f) = -4*f - 2. Let a(y) = -4*y - 3. Let g(l) = -3*a(l) + 4*k(l). Determine g(-2).
9
Let q(p) = -2*p**3 + 4*p**2 + 3*p**3 + 5*p - 3*p + 3. What is q(-3)?
6
Let c(b) = -b - 5. Let k be c(-7). Let s(w) = 6*w + 1. Determine s(k).
13
Let n = -63 + 67. Let m(b) be the second derivative of b**2 + 1/3*b**3 + 3*b + 0 - 1/6*b**n. What is m(3)?
-10
Let h(m) = -m**2 + 5*m - 3. Let z be h(2). Let r(n) = n**2 - 3*n. Let k be r(z). Let w(j) = 4 + k*j**2 + j**2 + j - 3. What is w(-3)?
7
Let q(l) = -l**3 + 4*l**2 - 2*l - 4. Let i be (128/(-40))/((-1)/5). Let y = -13 + i. Determine q(y).
-1
Let m(s) = 10*s**3 + s - 1. Let c be (2/(-14))/((-14)/98). Determine m(c).
10
Let l(s) = s**3 + 5*s**2 + 6. Let m(x) = -x + 27. Let i be m(32). What is l(i)?
6
Let y(g) = -g**3 - 7*g**2 - 5*g - 4. Let o = 1 + -3. Let c be 0 + (2 - (o + 10)). Determine y(c).
-10
Let y(o) = -o**2 - o - 4. Let f be y(0). Let g(k) = 3*k**3 + 8